prime?
False
Is 10895752201 prime?
True
Is 7909256723 a prime number?
True
Is 154812598561 a composite number?
False
Is 2589003283 prime?
False
Is 3055994591 a prime number?
False
Is 6547118491 prime?
True
Is 3122430239 prime?
False
Is 9984167657 a prime number?
True
Is 6645616069 prime?
False
Is 265805429 prime?
True
Is 8845713271 composite?
False
Is 390298910257 composite?
False
Is 3580695439 a composite number?
False
Is 75227881 prime?
True
Is 17482603297 prime?
False
Is 30723179577 a composite number?
True
Is 67091675803 composite?
True
Is 208308241 a composite number?
False
Is 108237928159 a composite number?
True
Is 246270121 a composite number?
True
Is 762092129 composite?
False
Is 3557255551 composite?
True
Is 227706377323 prime?
True
Is 186670667 a composite number?
True
Is 63872739727 composite?
False
Is 79890403573 a composite number?
False
Is 32057202241 a prime number?
True
Is 3088322081 composite?
True
Is 297098047171 prime?
True
Is 2826538867 a prime number?
False
Is 59716625273 a composite number?
False
Is 1981331411 prime?
False
Is 558370067 a prime number?
True
Is 368453815 composite?
True
Is 328047917 prime?
True
Is 485486584941 a composite number?
True
Is 5537941393 prime?
True
Is 331166767 composite?
True
Is 102015131 composite?
False
Is 29808421 prime?
False
Is 660461083 prime?
True
Is 211436929 prime?
False
Is 488304799 a composite number?
True
Is 3596359867 composite?
True
Is 1229369633 a prime number?
False
Is 736982167 a composite number?
False
Is 3742414729 a composite number?
False
Is 563126659 a composite number?
True
Is 541171891 a composite number?
True
Is 186927673 composite?
False
Is 194110660429 a composite number?
True
Is 1869286939 a prime number?
False
Is 15571303427 a prime number?
False
Is 20030184338 a prime number?
False
Is 15292402619 a composite number?
True
Is 1267691429 prime?
False
Is 100694809 prime?
True
Is 314337269 a prime number?
False
Is 14869900321 a prime number?
False
Is 2212646629 prime?
False
Is 56741560543 a prime number?
True
Is 13989794339 prime?
False
Is 3497419 composite?
False
Is 38185487 a prime number?
True
Is 73296710581 composite?
True
Is 2928270517 composite?
True
Is 7300817 a composite number?
True
Is 20409993871 a prime number?
True
Is 97047094114 prime?
False
Is 59474689 composite?
False
Is 1480979911 a prime number?
False
Is 3530100589 a composite number?
False
Is 8477178323 prime?
True
Is 23736675713 prime?
True
Is 848578634 composite?
True
Is 2340793681 a composite number?
False
Is 6863367541 a prime number?
False
Is 56579231 a composite number?
False
Is 211074067 a prime number?
True
Is 3335468817 composite?
True
Is 25259926807 prime?
False
Is 184619671 prime?
True
Is 607054537 prime?
False
Is 25701024299 a composite number?
False
Is 94410273889 a prime number?
True
Is 4342346083 composite?
False
Is 81180439454 prime?
False
Is 200192500603 a composite number?
True
Is 3370329503 a prime number?
True
Is 4028380493 prime?
True
Is 16351162741 a prime number?
False
Is 218559193 composite?
False
Is 24891725107 a prime number?
False
Is 87677696671 prime?
False
Is 17206620841 composite?
True
Is 3900688153 prime?
False
Is 14767003781 prime?
True
Is 13292955749 a prime number?
True
Is 1247032067 a composite number?
True
Is 3493197689 prime?
False
Is 229193807 prime?
False
Is 45546589747 composite?
True
Is 7273316623 prime?
True
Is 155405139133 a composite number?
False
Is 168496589953 a prime number?
False
Is 8266645127 a composite number?
True
Is 596993843 a prime number?
True
Is 106159433 prime?
True
Is 4438329191 prime?
False
Is 2692427147 composite?
True
Is 582687139 composite?
False
Is 8185685471 composite?
False
Is 16092135649 a composite number?
True
Is 2359874281 a prime number?
True
Is 16115017 a prime number?
False
Is 782794739 a composite number?
False
Is 1994497991 prime?
False
Is 1595685827 composite?
True
Is 519305089 prime?
True
Is 128553811 a composite number?
False
Is 537356807 a prime number?
False
Is 7590914281 a prime number?
False
Is 338121711139 a prime number?
True
Is 1881112223 composite?
True
Is 3307130447 composite?
False
Is 6230969119 a composite number?
False
Is 7382083783 a composite number?
False
Is 254363750651 a prime number?
False
Is 21945732827 a composite number?
False
Is 4174767361 composite?
False
Is 178735276897 a composite number?
True
Is 2264916607 composite?
True
Is 14773764697 a prime number?
False
Is 34825918099 a composite number?
True
Is 9273792611 a composite number?
True
Is 1381928473 composite?
True
Is 523841569 a composite number?
False
Is 2463421277 prime?
False
Is 70890510331 prime?
False
Is 72624317053 prime?
True
Is 431199787 prime?
True
Is 28210957771 a composite number?
False
Is 777080599 a prime number?
False
Is 238970321 a composite number?
False
Is 4242209899 composite?
True
Is 78865609 a composite number?
False
Is 1697455843 composite?
True
Is 4758681307 a prime number?
True
Is 82015097617 a prime number?
False
Is 15794144207 composite?
False
Is 30130736659 composite?
False
Is 441043399 a prime number?
True
Is 374072929 composite?
False
Is 7412057 composite?
False
Is 12868451 a composite number?
False
Is 456462781 composite?
False
Is 116319363533 a prime number?
True
Is 37663121109 prime?
False
Is 210604319 prime?
True
Is 14771309029 a prime number?
True
Is 73485421 a prime number?
False
Is 516010361 composite?
False
Is 200333741 prime?
True
Is 19406718143 prime?
True
Is 61174368737 prime?
True
Is 4532186989 composite?
True
Is 410083337 composite?
False
Is 79110680069 prime?
True
Is 504246097 a composite number?
True
Is 337238663 a prime number?
False
Is 48483970441 prime?
True
Is 2336904787 a composite number?
True
Is 2339206061 prime?
True
Is 35609765863 a composite number?
True
Is 768889981 prime?
False
Is 1568452107 prime?
False
Is 1579863479 a composite number?
True
Is 965530817 composite?
True
Is 1811405447 prime?
False
Is 157176784433 a composite number?
False
Is 1299870823 prime?
False
Is 21308537599 a prime number?
True
Is 1760130893 composite?
True
Is 23280809 a prime number?
True
Is 917698451 a composite number?
True
Is 839496613 prime?
True
Is 5362862731 a composite number?
False
Is 551557411 a prime number?
False
Is 1024399087 a composite number?
False
Is 4767110713 a composite number?
True
Is 102774284857 a prime number?
False
Is 4464799277 composite?
True
Is 365380187 a prime number?
True
Is 481592827163 a prime number?
False
Is 21393284587 a composite number?
True
Is 4773246631 a composite number?
False
Is 25613243 a composite number?
True
Is 298943159 a prime number?
True
Is 146063487 a composite number?
True
Is 1811266073 prime?
False
Is 250875319 prime?
True
Is 58718285267 prime?
True
Is 790830717 composite?
True
Is 9009194609 a composite number?
False
Is 604184033 composite?
True
Is 177294365141 prime?
True
Is 64431882101 a prime number?
False
Is 993707371 a composite number?
False
Is 5631021607 a prime number?
True
Is 13992565889 composite?
True
Is 85440611413 prime?
False
Is 120862771 a prime number?
True
Is 20074313767 prime?
True
Is 252499927627 composite?
True
Is 620568469 a composite number?
True
Is 9176517529 a composite number?
True
Is 767217547 composite?
False
Is 339748483 a prime number?
True
Is 176919608017 a composite number?
False
Is 1263786053 a composite number?
True
Is 15197830399 a composite number?
False
Is 14725322167 a composite number?
True
Is 1897360405 a prime number?
False
Is 333235361 prime?
True
Is 341577233 a composite number?
False
Is 1364220281 prime?
False
Is 24828584321 prime?
True
Is 695520937 composite?
True
Is 93599321 composite?
False
Is 335690209 a composite number?
False
Is 5889918127 prime?
False
Is 45065161087 a prime number?
False
Is 20613201671 a composite number?
False
Is 1763173627 a composite number?
False
Is 12555224941 a prime number?
False
Is 180372083 composite?
True
Is 315280807 composite?
True
Is 57486179 prime?
True
Is 11859303107 a prime number?
True
Is 424068361 prime?
False
Is 270418594871 a prime number?
True
Is 10484470483 a composite number?
False
Is 417626806603 a composite number?
False
Is 9130139581 a composite number?
True
Is 292407761 a prime number?
False
Is 64612595303 composite?
True
Is 350968217 prime?
False
Is 195794479 prime?
Tru